{"id":97,"date":"2018-07-17T15:27:47","date_gmt":"2018-07-17T13:27:47","guid":{"rendered":"http:\/\/localhost\/prowestern\/?page_id=97"},"modified":"2025-02-12T17:23:16","modified_gmt":"2025-02-12T16:23:16","slug":"geschichte","status":"publish","type":"page","link":"https:\/\/prowestern.at\/index.php\/ueber-uns\/geschichte\/","title":{"rendered":"Geschichte"},"content":{"rendered":"<div id=\"pl-97\"  class=\"panel-layout\" ><div id=\"pg-97-0\"  class=\"panel-grid panel-has-style\" ><div class=\"saloon_section1 siteorigin-panels-stretch panel-row-style panel-row-style-for-97-0\" data-stretch-type=\"full\" ><div id=\"pgc-97-0-0\"  class=\"panel-grid-cell panel-grid-cell-empty\" ><\/div><\/div><\/div><div id=\"pg-97-1\"  class=\"panel-grid panel-no-style\" ><div id=\"pgc-97-1-0\"  class=\"panel-grid-cell panel-grid-cell-empty\" ><\/div><div id=\"pgc-97-1-1\"  class=\"panel-grid-cell panel-grid-cell-mobile-last\" ><div id=\"panel-97-1-1-0\" class=\"so-panel widget widget_text panel-first-child\" data-index=\"0\" ><h3 class=\"widget-title\">Gr\u00fcndung<\/h3>\t\t\t<div class=\"textwidget\"><div class=\"page\" title=\"Page 2\">\n<div class=\"layoutArea\">\n<div class=\"column\">\n<p>Der Pro Western Verein wurde 1995 von Egon J. Blum in H\u00f6chst\/Vorarlberg gegr\u00fcndet und ist seither ein eingetragener Verein. Was als Store f\u00fcr Western Outfits begann entwickelte sich in den folgenden Jahren zu einem Treffpunkt f\u00fcr Westernfreunde. Das Modegesch\u00e4ft weichte immer mehr den Bierb\u00e4nken und einer Theke und wurde allm\u00e4hlich in einen Saloon umgebaut. Der Saloon befindet sich im Rheinauweg 63b in H\u00f6chst\/Vorarlberg, direkt am Alten Rhein.<\/p>\n<\/div>\n<\/div>\n<\/div>\n<\/div>\n\t\t<\/div><div id=\"panel-97-1-1-1\" class=\"so-panel widget widget_text panel-last-child\" data-index=\"1\" ><h3 class=\"widget-title\">Es folgt ein gro\u00dfer Umbau<\/h3>\t\t\t<div class=\"textwidget\"><div class=\"page\" title=\"Page 2\">\n<div class=\"layoutArea\">\n<div class=\"column\">\n<div class=\"page\" title=\"Page 2\">\n<div class=\"layoutArea\">\n<div class=\"column\">\n<p>Im Herbst 2007 \u00fcbernimmt der bisherige Vize-Obmann Werner Kloser (Captain) die Funktion des Obmannes und der gesamte Vorstand wir neu aufgestellt. 2008 wird der Verein zu einem gemeinn\u00fctzigen Verein ge\u00e4ndert und es erfolgt ein gro\u00dfer Umbau des Saloons, durch welchen die gesamte Infrastruktur erneuert wurde. Der Saloon ist zweimal w\u00f6chentlich (Mi und Fr) ge\u00f6ffnet.<\/p>\n<\/div>\n<\/div>\n<\/div>\n<\/div>\n<\/div>\n<\/div>\n<\/div>\n\t\t<\/div><\/div><div id=\"pgc-97-1-2\"  class=\"panel-grid-cell panel-grid-cell-empty\" ><\/div><\/div><div id=\"pg-97-2\"  class=\"panel-grid panel-no-style\" ><div id=\"pgc-97-2-0\"  class=\"panel-grid-cell panel-grid-cell-empty\" ><\/div><div id=\"pgc-97-2-1\"  class=\"panel-grid-cell panel-grid-cell-mobile-last\" ><div id=\"panel-97-2-1-0\" class=\"so-panel widget widget_siteorigin-panels-builder panel-first-child panel-last-child\" data-index=\"2\" ><div id=\"pl-w1hudpfjuhffh\"  class=\"panel-layout\" ><div id=\"pg-w1hudpfjuhffh-0\"  class=\"panel-grid panel-no-style\" ><div id=\"pgc-w1hudpfjuhffh-0-0\"  class=\"panel-grid-cell\" ><div id=\"panel-w1hudpfjuhffh-0-0-0\" class=\"so-panel widget widget_media_image panel-first-child panel-last-child\" data-index=\"0\" ><img width=\"300\" height=\"196\" src=\"https:\/\/prowestern.at\/wp-content\/uploads\/2018\/08\/1V2J6200-300x196.jpg\" class=\"image wp-image-173  attachment-medium size-medium\" alt=\"\" loading=\"lazy\" style=\"max-width: 100%; height: auto;\" srcset=\"https:\/\/prowestern.at\/wp-content\/uploads\/2018\/08\/1V2J6200-300x196.jpg 300w, https:\/\/prowestern.at\/wp-content\/uploads\/2018\/08\/1V2J6200-768x501.jpg 768w, https:\/\/prowestern.at\/wp-content\/uploads\/2018\/08\/1V2J6200.jpg 1000w\" sizes=\"(max-width: 300px) 100vw, 300px\" \/><\/div><\/div><div id=\"pgc-w1hudpfjuhffh-0-1\"  class=\"panel-grid-cell\" ><div id=\"panel-w1hudpfjuhffh-0-1-0\" class=\"so-panel widget widget_media_image panel-first-child panel-last-child\" data-index=\"1\" ><img width=\"300\" height=\"200\" src=\"https:\/\/prowestern.at\/wp-content\/uploads\/2018\/08\/Saloon_Indoor2-300x200.jpg\" class=\"image wp-image-174  attachment-medium size-medium\" alt=\"\" loading=\"lazy\" style=\"max-width: 100%; height: auto;\" srcset=\"https:\/\/prowestern.at\/wp-content\/uploads\/2018\/08\/Saloon_Indoor2-300x200.jpg 300w, https:\/\/prowestern.at\/wp-content\/uploads\/2018\/08\/Saloon_Indoor2-768x512.jpg 768w, https:\/\/prowestern.at\/wp-content\/uploads\/2018\/08\/Saloon_Indoor2-1024x683.jpg 1024w, https:\/\/prowestern.at\/wp-content\/uploads\/2018\/08\/Saloon_Indoor2-750x500.jpg 750w\" sizes=\"(max-width: 300px) 100vw, 300px\" \/><\/div><\/div><div id=\"pgc-w1hudpfjuhffh-0-2\"  class=\"panel-grid-cell\" ><div id=\"panel-w1hudpfjuhffh-0-2-0\" class=\"so-panel widget widget_media_image panel-first-child panel-last-child\" data-index=\"2\" ><img width=\"300\" height=\"200\" src=\"https:\/\/prowestern.at\/wp-content\/uploads\/2018\/08\/19-Kopie-300x200.jpg\" class=\"image wp-image-175  attachment-medium size-medium\" alt=\"saloon\" loading=\"lazy\" style=\"max-width: 100%; height: auto;\" srcset=\"https:\/\/prowestern.at\/wp-content\/uploads\/2018\/08\/19-Kopie-300x200.jpg 300w, https:\/\/prowestern.at\/wp-content\/uploads\/2018\/08\/19-Kopie-768x512.jpg 768w, https:\/\/prowestern.at\/wp-content\/uploads\/2018\/08\/19-Kopie-1024x683.jpg 1024w, https:\/\/prowestern.at\/wp-content\/uploads\/2018\/08\/19-Kopie-750x500.jpg 750w\" sizes=\"(max-width: 300px) 100vw, 300px\" \/><\/div><\/div><\/div><\/div><\/div><\/div><div id=\"pgc-97-2-2\"  class=\"panel-grid-cell panel-grid-cell-empty\" ><\/div><\/div><div id=\"pg-97-3\"  class=\"panel-grid panel-no-style\" ><div id=\"pgc-97-3-0\"  class=\"panel-grid-cell panel-grid-cell-empty\" ><\/div><div id=\"pgc-97-3-1\"  class=\"panel-grid-cell panel-grid-cell-mobile-last\" ><div id=\"panel-97-3-1-0\" class=\"so-panel widget widget_text panel-first-child panel-last-child\" data-index=\"3\" ><h3 class=\"widget-title\">Aktivit\u00e4ten<\/h3>\t\t\t<div class=\"textwidget\"><div class=\"page\" title=\"Page 2\">\n<div class=\"layoutArea\">\n<div class=\"column\">\n<div class=\"page\" title=\"Page 2\">\n<div class=\"layoutArea\">\n<div class=\"column\">\n<div class=\"page\" title=\"Page 2\">\n<div class=\"layoutArea\">\n<div class=\"column\">\n<p>Seither entwickelt sich der Pro Western Verein laufend. Biker, Linedancer, MusikerInnen, sowie viele Cowboys und Cowgirls pr\u00e4gen die Szene im Pro Western Verein.<\/p>\n<p>J\u00e4hrlich unternimmt der Verein viele Ausfl\u00fcge, wie Skitage und veranstaltet Country- und Bikerfeste, aber auch Sonntagsausfahrten mit den Motorr\u00e4dern werden organisiert. Irgend ein Freitag im Monat findet die Musikveranstaltung \u201eLive on Friday\u201c mit wechselnden Musikern statt. Als Unterst\u00fctzer sozialer Projekte organisiert der Pro Western Verein den j\u00e4hrlichen Weihnachtsmarkt und andere Benefizveranstaltungen, mit dem Zweck, bed\u00fcrftigen Menschen zu helfen.<\/p>\n<\/div>\n<\/div>\n<\/div>\n<\/div>\n<\/div>\n<\/div>\n<\/div>\n<\/div>\n<\/div>\n<\/div>\n\t\t<\/div><\/div><div id=\"pgc-97-3-2\"  class=\"panel-grid-cell panel-grid-cell-empty\" ><\/div><\/div><\/div>","protected":false},"excerpt":{"rendered":"<p>Der Pro Western Verein wurde 1995 von Egon J. Blum in H\u00f6chst\/Vorarlberg gegr\u00fcndet und ist seither ein eingetragener Verein. Was als Store f\u00fcr Western Outfits begann entwickelte sich in den folgenden Jahren zu einem Treffpunkt f\u00fcr Westernfreunde. Das Modegesch\u00e4ft weichte immer mehr den Bierb\u00e4nken und einer Theke und wurde allm\u00e4hlich in einen Saloon umgebaut. Der <a href=\"https:\/\/prowestern.at\/index.php\/ueber-uns\/geschichte\/\" rel=\"nofollow\"><span class=\"sr-only\">Read more about Geschichte<\/span>[&hellip;]<\/a><\/p>\n","protected":false},"author":1,"featured_media":0,"parent":95,"menu_order":0,"comment_status":"closed","ping_status":"closed","template":"template-fullwidth-no-title.php","meta":[],"_links":{"self":[{"href":"https:\/\/prowestern.at\/index.php\/wp-json\/wp\/v2\/pages\/97"}],"collection":[{"href":"https:\/\/prowestern.at\/index.php\/wp-json\/wp\/v2\/pages"}],"about":[{"href":"https:\/\/prowestern.at\/index.php\/wp-json\/wp\/v2\/types\/page"}],"author":[{"embeddable":true,"href":"https:\/\/prowestern.at\/index.php\/wp-json\/wp\/v2\/users\/1"}],"replies":[{"embeddable":true,"href":"https:\/\/prowestern.at\/index.php\/wp-json\/wp\/v2\/comments?post=97"}],"version-history":[{"count":27,"href":"https:\/\/prowestern.at\/index.php\/wp-json\/wp\/v2\/pages\/97\/revisions"}],"predecessor-version":[{"id":2526,"href":"https:\/\/prowestern.at\/index.php\/wp-json\/wp\/v2\/pages\/97\/revisions\/2526"}],"up":[{"embeddable":true,"href":"https:\/\/prowestern.at\/index.php\/wp-json\/wp\/v2\/pages\/95"}],"wp:attachment":[{"href":"https:\/\/prowestern.at\/index.php\/wp-json\/wp\/v2\/media?parent=97"}],"curies":[{"name":"wp","href":"https:\/\/api.w.org\/{rel}","templated":true}]}}