{"id":80,"date":"2018-07-17T15:21:24","date_gmt":"2018-07-17T13:21:24","guid":{"rendered":"http:\/\/localhost\/prowestern\/?page_id=80"},"modified":"2026-03-17T20:29:18","modified_gmt":"2026-03-17T19:29:18","slug":"saloon","status":"publish","type":"page","link":"https:\/\/prowestern.at\/index.php\/saloon\/","title":{"rendered":"Saloon"},"content":{"rendered":"<div id=\"pl-80\"  class=\"panel-layout\" ><div id=\"pg-80-0\"  class=\"panel-grid panel-has-style\" ><div class=\"saloon_section1 siteorigin-panels-stretch panel-row-style panel-row-style-for-80-0\" data-stretch-type=\"full\" ><div id=\"pgc-80-0-0\"  class=\"panel-grid-cell\" ><div id=\"panel-80-0-0-0\" class=\"so-panel widget widget_siteorigin-panels-builder panel-first-child panel-last-child\" data-index=\"0\" ><div id=\"pl-w5b6987d0b4529\"  class=\"panel-layout\" ><div id=\"pg-w5b6987d0b4529-0\"  class=\"panel-grid panel-no-style\" ><div id=\"pgc-w5b6987d0b4529-0-0\"  class=\"panel-grid-cell panel-grid-cell-empty\" ><\/div><div id=\"pgc-w5b6987d0b4529-0-1\"  class=\"panel-grid-cell panel-grid-cell-empty\" ><\/div><div id=\"pgc-w5b6987d0b4529-0-2\"  class=\"panel-grid-cell panel-grid-cell-empty\" ><\/div><div id=\"pgc-w5b6987d0b4529-0-3\"  class=\"panel-grid-cell panel-grid-cell-mobile-last\" ><div id=\"panel-w5b6987d0b4529-0-3-0\" class=\"so-panel widget widget_text panel-first-child panel-last-child\" data-index=\"0\" ><div class=\"feedback-box2 panel-widget-style panel-widget-style-for-w5b6987d0b4529-0-3-0\" id=\"client-feedbacks2\" ><h3 class=\"widget-title\">\u00d6ffnungszeiten<\/h3>\t\t\t<div class=\"textwidget\"><p>Mi 19:30 bis 24:00 Uhr<br \/>\nFr 19:30 bis 02:00 Uhr<\/p>\n<\/div>\n\t\t<\/div><\/div><\/div><div id=\"pgc-w5b6987d0b4529-0-4\"  class=\"panel-grid-cell panel-grid-cell-empty\" ><\/div><\/div><\/div><\/div><\/div><\/div><\/div><div id=\"pg-80-1\"  class=\"panel-grid panel-no-style\" ><div id=\"pgc-80-1-0\"  class=\"panel-grid-cell panel-grid-cell-empty\" ><\/div><div id=\"pgc-80-1-1\"  class=\"panel-grid-cell panel-grid-cell-mobile-last\" ><div id=\"panel-80-1-1-0\" class=\"so-panel widget widget_text panel-first-child panel-last-child\" data-index=\"1\" ><h3 class=\"widget-title\">Saloon<\/h3>\t\t\t<div class=\"textwidget\"><p>Unser Vereinslokal ist ein kleiner, aber feiner Saloon, in dem man in gem\u00fctlicher Atmosph\u00e4re alles bekommt, was Leib und Seele braucht. Durch das gem\u00fctliche Ambiente m\u00f6chten wir unsere Besucher in die Welt des Wilden Westen entf\u00fchren. Hier schl\u00e4gt das Herz der Cowboys, Biker, Linedancer und Musiker h\u00f6her. Bei frisch gezapften Bier und Guinness, echten Single Malt Whiskys und stimmungsvoller Countrymusik l\u00e4sst es sich mit netten Leuten gut verweilen und immer wieder wird an einem Freitag im Monat ein Live Konzert geboten.<\/p>\n<p>F\u00fcr den Hunger zwischendurch bieten wir im Saloon &#8222;Toast&#8220; und von unserem Nachbar &#8222;Ali\u00b4s Grill&#8220; Spezialit\u00e4ten an. Je nach Bedarf auch mal eine Grillwurst oder einen Landj\u00e4ger zum selber grillen. Das Whiskysortiment kann sich ebenfalls sehen lassen. Es stehen etwa 50 hochkar\u00e4tige Whiskys zur Auswahl.<\/p>\n<p>Der Saloon ist zweimal w\u00f6chentlich (Mi und Fr) ge\u00f6ffnet.<\/p>\n<p>&nbsp;<\/p>\n<\/div>\n\t\t<\/div><\/div><div id=\"pgc-80-1-2\"  class=\"panel-grid-cell panel-grid-cell-empty\" ><\/div><\/div><div id=\"pg-80-2\"  class=\"panel-grid panel-has-style\" ><div class=\"contact_row panel-row-style panel-row-style-for-80-2\" ><div id=\"pgc-80-2-0\"  class=\"panel-grid-cell panel-grid-cell-empty\" ><div class=\"contact_row_cells panel-cell-style panel-cell-style-for-80-2-0\" ><\/div><\/div><div id=\"pgc-80-2-1\"  class=\"panel-grid-cell\" ><div class=\"contact_row_cells panel-cell-style panel-cell-style-for-80-2-1\" ><div id=\"panel-80-2-1-0\" class=\"so-panel widget widget_media_image panel-first-child panel-last-child\" data-index=\"2\" ><div class=\"contact_image_2 panel-widget-style panel-widget-style-for-80-2-1-0\" ><img width=\"283\" height=\"300\" src=\"https:\/\/prowestern.at\/wp-content\/uploads\/2021\/07\/Werner-Schwarzmann-1-283x300.jpg\" class=\"image wp-image-1485 contact_image_2 attachment-medium size-medium\" alt=\"\" loading=\"lazy\" style=\"max-width: 100%; height: auto;\" srcset=\"https:\/\/prowestern.at\/wp-content\/uploads\/2021\/07\/Werner-Schwarzmann-1-283x300.jpg 283w, https:\/\/prowestern.at\/wp-content\/uploads\/2021\/07\/Werner-Schwarzmann-1-964x1024.jpg 964w, https:\/\/prowestern.at\/wp-content\/uploads\/2021\/07\/Werner-Schwarzmann-1-768x816.jpg 768w, https:\/\/prowestern.at\/wp-content\/uploads\/2021\/07\/Werner-Schwarzmann-1-1446x1536.jpg 1446w, https:\/\/prowestern.at\/wp-content\/uploads\/2021\/07\/Werner-Schwarzmann-1.jpg 1808w\" sizes=\"(max-width: 283px) 100vw, 283px\" \/><\/div><\/div><\/div><\/div><div id=\"pgc-80-2-2\"  class=\"panel-grid-cell panel-grid-cell-mobile-last\" ><div class=\"contact_row_cells panel-cell-style panel-cell-style-for-80-2-2\" ><div id=\"panel-80-2-2-0\" class=\"so-panel widget widget_text panel-first-child panel-last-child\" data-index=\"3\" >\t\t\t<div class=\"textwidget\"><p class=\"kontaktheadline\">Kontakt<\/p>\n<p>Obmann<br \/>\nWerner Schwarzmann<br \/>\n<a href=\"mailto:vize@prowestern.at\">Mail<\/a><\/p>\n<\/div>\n\t\t<\/div><\/div><\/div><div id=\"pgc-80-2-3\"  class=\"panel-grid-cell panel-grid-cell-empty\" ><div class=\"contact_row_cells panel-cell-style panel-cell-style-for-80-2-3\" ><\/div><\/div><\/div><\/div><div id=\"pg-80-3\"  class=\"panel-grid panel-has-style\" ><div class=\"contact_row_mobile panel-row-style panel-row-style-for-80-3\" ><div id=\"pgc-80-3-0\"  class=\"panel-grid-cell panel-grid-cell-empty\" ><\/div><div id=\"pgc-80-3-1\"  class=\"panel-grid-cell\" ><div id=\"panel-80-3-1-0\" class=\"so-panel widget widget_text panel-first-child panel-last-child\" data-index=\"4\" >\t\t\t<div class=\"textwidget\"><p class=\"kontaktheadline\"><img loading=\"lazy\" class=\"alignnone size-medium wp-image-1474\" src=\"https:\/\/prowestern.at\/wp-content\/uploads\/2021\/07\/Werner-Schwarzmann-283x300.jpg\" alt=\"\" width=\"283\" height=\"300\" srcset=\"https:\/\/prowestern.at\/wp-content\/uploads\/2021\/07\/Werner-Schwarzmann-283x300.jpg 283w, https:\/\/prowestern.at\/wp-content\/uploads\/2021\/07\/Werner-Schwarzmann-964x1024.jpg 964w, https:\/\/prowestern.at\/wp-content\/uploads\/2021\/07\/Werner-Schwarzmann-768x816.jpg 768w, https:\/\/prowestern.at\/wp-content\/uploads\/2021\/07\/Werner-Schwarzmann-1446x1536.jpg 1446w, https:\/\/prowestern.at\/wp-content\/uploads\/2021\/07\/Werner-Schwarzmann.jpg 1808w\" sizes=\"(max-width: 283px) 100vw, 283px\" \/><br \/>\nKontakt<\/p>\n<p>Vize Obmann<br \/>\nWerner Schwarzmann ( Blacky )<br \/>\n<a href=\"mailto:vize@prowestern.at\">Mail<\/a><\/p>\n<\/div>\n\t\t<\/div><\/div><div id=\"pgc-80-3-2\"  class=\"panel-grid-cell panel-grid-cell-empty panel-grid-cell-mobile-last\" ><\/div><div id=\"pgc-80-3-3\"  class=\"panel-grid-cell panel-grid-cell-empty\" ><\/div><\/div><\/div><div id=\"pg-80-4\"  class=\"panel-grid panel-no-style\" ><div id=\"pgc-80-4-0\"  class=\"panel-grid-cell panel-grid-cell-empty\" ><\/div><div id=\"pgc-80-4-1\"  class=\"panel-grid-cell\" ><div id=\"panel-80-4-1-0\" class=\"so-panel widget widget_media_image panel-first-child panel-last-child\" data-index=\"5\" ><img width=\"300\" height=\"200\" src=\"https:\/\/prowestern.at\/wp-content\/uploads\/2018\/08\/IMG_2959-300x200.jpg\" class=\"image wp-image-134  attachment-medium size-medium\" alt=\"\" loading=\"lazy\" style=\"max-width: 100%; height: auto;\" srcset=\"https:\/\/prowestern.at\/wp-content\/uploads\/2018\/08\/IMG_2959-300x200.jpg 300w, https:\/\/prowestern.at\/wp-content\/uploads\/2018\/08\/IMG_2959-768x512.jpg 768w, https:\/\/prowestern.at\/wp-content\/uploads\/2018\/08\/IMG_2959-1024x683.jpg 1024w, https:\/\/prowestern.at\/wp-content\/uploads\/2018\/08\/IMG_2959-750x500.jpg 750w\" sizes=\"(max-width: 300px) 100vw, 300px\" \/><\/div><\/div><div id=\"pgc-80-4-2\"  class=\"panel-grid-cell\" ><div id=\"panel-80-4-2-0\" class=\"so-panel widget widget_media_image panel-first-child panel-last-child\" data-index=\"6\" ><img width=\"300\" height=\"196\" src=\"https:\/\/prowestern.at\/wp-content\/uploads\/2018\/08\/Countryfest-Ho\u0308chst-2014-\u2013-090-300x196.jpg\" class=\"image wp-image-129  attachment-medium size-medium\" alt=\"\" loading=\"lazy\" style=\"max-width: 100%; height: auto;\" srcset=\"https:\/\/prowestern.at\/wp-content\/uploads\/2018\/08\/Countryfest-Ho\u0308chst-2014-\u2013-090-300x196.jpg 300w, https:\/\/prowestern.at\/wp-content\/uploads\/2018\/08\/Countryfest-Ho\u0308chst-2014-\u2013-090-768x501.jpg 768w, https:\/\/prowestern.at\/wp-content\/uploads\/2018\/08\/Countryfest-Ho\u0308chst-2014-\u2013-090.jpg 1000w\" sizes=\"(max-width: 300px) 100vw, 300px\" \/><\/div><\/div><div id=\"pgc-80-4-3\"  class=\"panel-grid-cell panel-grid-cell-mobile-last\" ><div id=\"panel-80-4-3-0\" class=\"so-panel widget widget_media_image panel-first-child panel-last-child\" data-index=\"7\" ><img width=\"300\" height=\"200\" src=\"https:\/\/prowestern.at\/wp-content\/uploads\/2018\/08\/IMG_2945_cropped-300x200.jpg\" class=\"image wp-image-135  attachment-medium size-medium\" alt=\"\" loading=\"lazy\" style=\"max-width: 100%; height: auto;\" srcset=\"https:\/\/prowestern.at\/wp-content\/uploads\/2018\/08\/IMG_2945_cropped-300x200.jpg 300w, https:\/\/prowestern.at\/wp-content\/uploads\/2018\/08\/IMG_2945_cropped-768x512.jpg 768w, https:\/\/prowestern.at\/wp-content\/uploads\/2018\/08\/IMG_2945_cropped-1024x683.jpg 1024w, https:\/\/prowestern.at\/wp-content\/uploads\/2018\/08\/IMG_2945_cropped-750x500.jpg 750w, https:\/\/prowestern.at\/wp-content\/uploads\/2018\/08\/IMG_2945_cropped.jpg 1359w\" sizes=\"(max-width: 300px) 100vw, 300px\" \/><\/div><\/div><div id=\"pgc-80-4-4\"  class=\"panel-grid-cell panel-grid-cell-empty\" ><\/div><\/div><\/div>","protected":false},"excerpt":{"rendered":"<p>Unser Vereinslokal ist ein kleiner, aber feiner Saloon, in dem man in gem\u00fctlicher Atmosph\u00e4re alles bekommt, was Leib und Seele braucht. Durch das gem\u00fctliche Ambiente m\u00f6chten wir unsere Besucher in die Welt des Wilden Westen entf\u00fchren. Hier schl\u00e4gt das Herz der Cowboys, Biker, Linedancer und Musiker h\u00f6her. Bei frisch gezapften Bier und Guinness, echten Single <a href=\"https:\/\/prowestern.at\/index.php\/saloon\/\" rel=\"nofollow\"><span class=\"sr-only\">Read more about Saloon<\/span>[&hellip;]<\/a><\/p>\n","protected":false},"author":1,"featured_media":0,"parent":0,"menu_order":0,"comment_status":"closed","ping_status":"closed","template":"template-fullwidth-no-title.php","meta":[],"_links":{"self":[{"href":"https:\/\/prowestern.at\/index.php\/wp-json\/wp\/v2\/pages\/80"}],"collection":[{"href":"https:\/\/prowestern.at\/index.php\/wp-json\/wp\/v2\/pages"}],"about":[{"href":"https:\/\/prowestern.at\/index.php\/wp-json\/wp\/v2\/types\/page"}],"author":[{"embeddable":true,"href":"https:\/\/prowestern.at\/index.php\/wp-json\/wp\/v2\/users\/1"}],"replies":[{"embeddable":true,"href":"https:\/\/prowestern.at\/index.php\/wp-json\/wp\/v2\/comments?post=80"}],"version-history":[{"count":105,"href":"https:\/\/prowestern.at\/index.php\/wp-json\/wp\/v2\/pages\/80\/revisions"}],"predecessor-version":[{"id":2789,"href":"https:\/\/prowestern.at\/index.php\/wp-json\/wp\/v2\/pages\/80\/revisions\/2789"}],"wp:attachment":[{"href":"https:\/\/prowestern.at\/index.php\/wp-json\/wp\/v2\/media?parent=80"}],"curies":[{"name":"wp","href":"https:\/\/api.w.org\/{rel}","templated":true}]}}