{"id":586,"date":"2018-08-10T13:14:52","date_gmt":"2018-08-10T11:14:52","guid":{"rendered":"http:\/\/localhost\/prowestern\/?page_id=586"},"modified":"2025-10-13T21:23:57","modified_gmt":"2025-10-13T19:23:57","slug":"musiker-2","status":"publish","type":"page","link":"https:\/\/prowestern.at\/index.php\/musiker-2\/","title":{"rendered":"Musiker"},"content":{"rendered":"<div id=\"pl-586\"  class=\"panel-layout\" ><div id=\"pg-586-0\"  class=\"panel-grid panel-has-style\" ><div class=\"biker_sektion1 siteorigin-panels-stretch panel-row-style panel-row-style-for-586-0\" data-stretch-type=\"full\" ><div id=\"pgc-586-0-0\"  class=\"panel-grid-cell panel-grid-cell-empty\" ><\/div><\/div><\/div><div id=\"pg-586-1\"  class=\"panel-grid panel-no-style\" ><div id=\"pgc-586-1-0\"  class=\"panel-grid-cell\" ><div id=\"panel-586-1-0-0\" class=\"so-panel widget widget_text panel-first-child panel-last-child\" data-index=\"0\" ><div class=\"text_hide panel-widget-style panel-widget-style-for-586-1-0-0\" >\t\t\t<div class=\"textwidget\"><div class=\"page\" title=\"Page 5\">\n<div class=\"layoutArea\">\n<div class=\"column\">\n<div class=\"page\" title=\"Page 16\">\n<div class=\"layoutArea\">\n<div class=\"column\">\n<p>Musik und Westernflair k\u00f6nnen gut miteinander, deshalb veranstalten wir im Laufe des Jahres zahlreiche Konzerte und Musikveranstaltungen mit regionalen Musikern.<\/p>\n<\/div>\n<\/div>\n<\/div>\n<\/div>\n<\/div>\n<\/div>\n<\/div>\n\t\t<\/div><\/div><\/div><div id=\"pgc-586-1-1\"  class=\"panel-grid-cell panel-grid-cell-mobile-last\" ><div id=\"panel-586-1-1-0\" class=\"so-panel widget widget_text panel-first-child panel-last-child\" data-index=\"1\" ><h3 class=\"widget-title\">Musiker<\/h3>\t\t\t<div class=\"textwidget\"><div class=\"page\" title=\"Page 5\">\n<div class=\"layoutArea\">\n<div class=\"column\">\n<div class=\"page\" title=\"Page 16\">\n<div class=\"layoutArea\">\n<div class=\"column\">\n<p>Musik und Westernflair k\u00f6nnen gut miteinander, deshalb veranstalten wir im Laufe des Jahres zahlreiche Musikveranstaltungen, wie Gitarre Workshops, Spontankonzerte im Saloon die an einem Mittwoch oder Freitag stattfinden k\u00f6nnen, (von April bis September) Live Gig\u00b4s mit namhaften, regionalen Musikern.<\/p>\n<p>Im Saloon stehen auch Gitarren zur Verf\u00fcgung, die jederzeit wer Lust hat seine Songs pr\u00e4sentieren kann! Dies kann nach Absprache mit unserem Organisator &#8222;G\u00e4bele&#8220; alias Meckler Gabriel, gemacht werden. Wir freuen uns \u00fcber jeden Auftritt. Die B\u00fchne steht bereit.<\/p>\n<\/div>\n<\/div>\n<\/div>\n<\/div>\n<\/div>\n<\/div>\n<\/div>\n\t\t<\/div><\/div><div id=\"pgc-586-1-2\"  class=\"panel-grid-cell panel-grid-cell-empty\" ><\/div><\/div><div id=\"pg-586-2\"  class=\"panel-grid panel-has-style\" ><div class=\"contact_row panel-row-style panel-row-style-for-586-2\" ><div id=\"pgc-586-2-0\"  class=\"panel-grid-cell panel-grid-cell-empty\" ><\/div><div id=\"pgc-586-2-1\"  class=\"panel-grid-cell\" ><div id=\"panel-586-2-1-0\" class=\"so-panel widget widget_media_image panel-first-child panel-last-child\" data-index=\"2\" ><div class=\"contact_image_2 panel-widget-style panel-widget-style-for-586-2-1-0\" ><img width=\"225\" height=\"300\" src=\"https:\/\/prowestern.at\/wp-content\/uploads\/2022\/06\/20220511_204624-225x300.jpg\" class=\"image wp-image-1967 contact_image_2 attachment-medium size-medium\" alt=\"\" loading=\"lazy\" style=\"max-width: 100%; height: auto;\" srcset=\"https:\/\/prowestern.at\/wp-content\/uploads\/2022\/06\/20220511_204624-225x300.jpg 225w, https:\/\/prowestern.at\/wp-content\/uploads\/2022\/06\/20220511_204624-768x1024.jpg 768w, https:\/\/prowestern.at\/wp-content\/uploads\/2022\/06\/20220511_204624-1152x1536.jpg 1152w, https:\/\/prowestern.at\/wp-content\/uploads\/2022\/06\/20220511_204624.jpg 1440w\" sizes=\"(max-width: 225px) 100vw, 225px\" \/><\/div><\/div><\/div><div id=\"pgc-586-2-2\"  class=\"panel-grid-cell panel-grid-cell-mobile-last\" ><div id=\"panel-586-2-2-0\" class=\"so-panel widget widget_text panel-first-child panel-last-child\" data-index=\"3\" >\t\t\t<div class=\"textwidget\"><p class=\"kontaktheadline\">Kontakt<\/p>\n<p>G\u00e4bele<br \/>\nGabriel Meckler<br \/>\n<a href=\"mailto:game9t9@gmail.com\">Mail<\/a><\/p>\n<\/div>\n\t\t<\/div><\/div><div id=\"pgc-586-2-3\"  class=\"panel-grid-cell panel-grid-cell-empty\" ><\/div><\/div><\/div><div id=\"pg-586-3\"  class=\"panel-grid panel-has-style\" ><div class=\"contact_row_mobile panel-row-style panel-row-style-for-586-3\" ><div id=\"pgc-586-3-0\"  class=\"panel-grid-cell panel-grid-cell-empty\" ><\/div><div id=\"pgc-586-3-1\"  class=\"panel-grid-cell\" ><div id=\"panel-586-3-1-0\" class=\"so-panel widget widget_text panel-first-child panel-last-child\" data-index=\"4\" >\t\t\t<div class=\"textwidget\"><p class=\"kontaktheadline\">Kontakt<\/p>\n<p>G\u00e4bele<br \/>\nGabriel Meckler<br \/>\n<a href=\"mailto:game9t9@gmail.com\">Mail<\/a><\/p>\n<\/div>\n\t\t<\/div><\/div><div id=\"pgc-586-3-2\"  class=\"panel-grid-cell panel-grid-cell-empty panel-grid-cell-mobile-last\" ><\/div><div id=\"pgc-586-3-3\"  class=\"panel-grid-cell panel-grid-cell-empty\" ><\/div><\/div><\/div><div id=\"pg-586-4\"  class=\"panel-grid panel-has-style\" ><div class=\"siteorigin-panels-stretch panel-row-style panel-row-style-for-586-4\" data-stretch-type=\"full\" ><div id=\"pgc-586-4-0\"  class=\"panel-grid-cell\" ><div id=\"panel-586-4-0-0\" class=\"so-panel widget widget_siteorigin-panels-builder panel-first-child panel-last-child\" data-index=\"5\" ><div id=\"pl-w629a01dd454ed\"  class=\"panel-layout\" ><div id=\"pg-w629a01dd454ed-0\"  class=\"panel-grid panel-no-style\" ><div id=\"pgc-w629a01dd454ed-0-0\"  class=\"panel-grid-cell panel-grid-cell-empty\" ><\/div><div id=\"pgc-w629a01dd454ed-0-1\"  class=\"panel-grid-cell panel-grid-cell-mobile-last\" ><div id=\"panel-w629a01dd454ed-0-1-0\" class=\"so-panel widget widget_siteorigin-panels-builder panel-first-child panel-last-child\" data-index=\"0\" ><div id=\"pl-w629a01dd454fb\"  class=\"panel-layout\" ><div id=\"pg-w629a01dd454fb-0\"  class=\"panel-grid panel-no-style\" ><div id=\"pgc-w629a01dd454fb-0-0\"  class=\"panel-grid-cell\" ><div id=\"panel-w629a01dd454fb-0-0-0\" class=\"so-panel widget widget_text panel-first-child panel-last-child\" data-index=\"0\" ><div class=\"linedance_kurse_container panel-widget-style panel-widget-style-for-w629a01dd454fb-0-0-0\" >\t\t\t<div class=\"textwidget\"><p class=\"headline_linedance_kurs\">j\u00e4hrlicher Gitarren Workshop<\/p>\n<p>tolle Songs und Gesang spielerisch erlernen<\/p>\n<p>Leitung:<br \/>\nReinhard Franz<\/p>\n<p>maximal 15 Teilnehmer<\/p>\n<\/div>\n\t\t<\/div><\/div><\/div><div id=\"pgc-w629a01dd454fb-0-1\"  class=\"panel-grid-cell\" ><div id=\"panel-w629a01dd454fb-0-1-0\" class=\"so-panel widget widget_text panel-first-child panel-last-child\" data-index=\"1\" ><div class=\"linedance_kurse_container panel-widget-style panel-widget-style-for-w629a01dd454fb-0-1-0\" >\t\t\t<div class=\"textwidget\"><p class=\"headline_linedance_kurs\">Livemusik Mittwoch od. Freitag<\/p>\n<p>Beginn:<br \/>\njeweils 21:00 Uhr im Saloon<\/p>\n<p>Live Konzert mit namhaften Musikern aus dem L\u00e4ndle<\/p>\n<\/div>\n\t\t<\/div><\/div><\/div><\/div><\/div><\/div><\/div><div id=\"pgc-w629a01dd454ed-0-2\"  class=\"panel-grid-cell panel-grid-cell-empty\" ><\/div><\/div><\/div><\/div><\/div><\/div><\/div><div id=\"pg-586-5\"  class=\"panel-grid panel-no-style\" ><div id=\"pgc-586-5-0\"  class=\"panel-grid-cell panel-grid-cell-empty\" ><\/div><div id=\"pgc-586-5-1\"  class=\"panel-grid-cell panel-grid-cell-mobile-last\" ><div id=\"panel-586-5-1-0\" class=\"so-panel widget widget_text panel-first-child\" data-index=\"6\" ><h3 class=\"widget-title\">Eine Auswahl unserer Musikabende<\/h3>\t\t\t<div class=\"textwidget\"><\/div>\n\t\t<\/div><div id=\"panel-586-5-1-1\" class=\"so-panel widget widget_siteorigin-panels-builder panel-last-child\" data-index=\"7\" ><div class=\"biker_row panel-widget-style panel-widget-style-for-586-5-1-1\" ><div id=\"pl-w62d58d3db1854\"  class=\"panel-layout\" ><div id=\"pg-w62d58d3db1854-0\"  class=\"panel-grid panel-no-style\" ><div id=\"pgc-w62d58d3db1854-0-0\"  class=\"panel-grid-cell\" ><div id=\"panel-w62d58d3db1854-0-0-0\" class=\"so-panel widget widget_media_image panel-first-child\" data-index=\"0\" ><div style=\"width: 760px\" class=\"wp-caption alignnone\"><img width=\"750\" height=\"422\" src=\"https:\/\/prowestern.at\/wp-content\/uploads\/2022\/06\/band-Common-Ground-1.jpg\" class=\"image wp-image-1974  attachment-full size-full\" alt=\"\" loading=\"lazy\" style=\"max-width: 100%; height: auto;\" srcset=\"https:\/\/prowestern.at\/wp-content\/uploads\/2022\/06\/band-Common-Ground-1.jpg 750w, https:\/\/prowestern.at\/wp-content\/uploads\/2022\/06\/band-Common-Ground-1-300x169.jpg 300w\" sizes=\"(max-width: 750px) 100vw, 750px\" \/><p class=\"wp-caption-text\">Common Ground<\/p><\/div><\/div><div id=\"panel-w62d58d3db1854-0-0-1\" class=\"so-panel widget widget_media_image\" data-index=\"1\" ><div style=\"width: 310px\" class=\"wp-caption alignnone\"><img width=\"300\" height=\"200\" src=\"https:\/\/prowestern.at\/wp-content\/uploads\/2018\/08\/allrightguys-300x200.jpg\" class=\"image wp-image-635  attachment-medium size-medium\" alt=\"\" loading=\"lazy\" style=\"max-width: 100%; height: auto;\" srcset=\"https:\/\/prowestern.at\/wp-content\/uploads\/2018\/08\/allrightguys-300x200.jpg 300w, https:\/\/prowestern.at\/wp-content\/uploads\/2018\/08\/allrightguys.jpg 600w\" sizes=\"(max-width: 300px) 100vw, 300px\" \/><p class=\"wp-caption-text\">All Right Guys<\/p><\/div><\/div><div id=\"panel-w62d58d3db1854-0-0-2\" class=\"so-panel widget widget_media_image\" data-index=\"2\" ><div style=\"width: 310px\" class=\"wp-caption alignnone\"><img width=\"300\" height=\"199\" src=\"https:\/\/prowestern.at\/wp-content\/uploads\/2018\/08\/Harry-Marte-300x199.jpg\" class=\"image wp-image-695  attachment-medium size-medium\" alt=\"\" loading=\"lazy\" style=\"max-width: 100%; height: auto;\" srcset=\"https:\/\/prowestern.at\/wp-content\/uploads\/2018\/08\/Harry-Marte-300x199.jpg 300w, https:\/\/prowestern.at\/wp-content\/uploads\/2018\/08\/Harry-Marte-768x510.jpg 768w, https:\/\/prowestern.at\/wp-content\/uploads\/2018\/08\/Harry-Marte-750x500.jpg 750w, https:\/\/prowestern.at\/wp-content\/uploads\/2018\/08\/Harry-Marte.jpg 800w\" sizes=\"(max-width: 300px) 100vw, 300px\" \/><p class=\"wp-caption-text\">Harry Marte<\/p><\/div><\/div><div id=\"panel-w62d58d3db1854-0-0-3\" class=\"so-panel widget widget_media_image\" data-index=\"3\" ><div style=\"width: 310px\" class=\"wp-caption alignnone\"><img width=\"300\" height=\"199\" src=\"https:\/\/prowestern.at\/wp-content\/uploads\/2018\/08\/Pallestrang-300x199.jpg\" class=\"image wp-image-699  attachment-medium size-medium\" alt=\"\" loading=\"lazy\" style=\"max-width: 100%; height: auto;\" srcset=\"https:\/\/prowestern.at\/wp-content\/uploads\/2018\/08\/Pallestrang-300x199.jpg 300w, https:\/\/prowestern.at\/wp-content\/uploads\/2018\/08\/Pallestrang-768x510.jpg 768w, https:\/\/prowestern.at\/wp-content\/uploads\/2018\/08\/Pallestrang-750x500.jpg 750w, https:\/\/prowestern.at\/wp-content\/uploads\/2018\/08\/Pallestrang.jpg 800w\" sizes=\"(max-width: 300px) 100vw, 300px\" \/><p class=\"wp-caption-text\">Mr. &amp; Chris Tezee<\/p><\/div><\/div><div id=\"panel-w62d58d3db1854-0-0-4\" class=\"so-panel widget widget_media_image\" data-index=\"4\" ><div style=\"width: 310px\" class=\"wp-caption alignnone\"><img width=\"300\" height=\"199\" src=\"https:\/\/prowestern.at\/wp-content\/uploads\/2018\/08\/DSC4059-300x199.jpg\" class=\"image wp-image-655  attachment-medium size-medium\" alt=\"\" loading=\"lazy\" style=\"max-width: 100%; height: auto;\" srcset=\"https:\/\/prowestern.at\/wp-content\/uploads\/2018\/08\/DSC4059-300x199.jpg 300w, https:\/\/prowestern.at\/wp-content\/uploads\/2018\/08\/DSC4059-768x510.jpg 768w, https:\/\/prowestern.at\/wp-content\/uploads\/2018\/08\/DSC4059-1024x680.jpg 1024w, https:\/\/prowestern.at\/wp-content\/uploads\/2018\/08\/DSC4059-750x500.jpg 750w\" sizes=\"(max-width: 300px) 100vw, 300px\" \/><p class=\"wp-caption-text\">Basic<\/p><\/div><\/div><div id=\"panel-w62d58d3db1854-0-0-5\" class=\"so-panel widget widget_media_image panel-last-child\" data-index=\"5\" ><div style=\"width: 310px\" class=\"wp-caption alignnone\"><img width=\"300\" height=\"200\" src=\"https:\/\/prowestern.at\/wp-content\/uploads\/2018\/08\/gmixt-300x200.jpg\" class=\"image wp-image-694  attachment-medium size-medium\" alt=\"\" loading=\"lazy\" style=\"max-width: 100%; height: auto;\" srcset=\"https:\/\/prowestern.at\/wp-content\/uploads\/2018\/08\/gmixt-300x200.jpg 300w, https:\/\/prowestern.at\/wp-content\/uploads\/2018\/08\/gmixt.jpg 600w\" sizes=\"(max-width: 300px) 100vw, 300px\" \/><p class=\"wp-caption-text\">gmixt Emotion<\/p><\/div><\/div><\/div><div id=\"pgc-w62d58d3db1854-0-1\"  class=\"panel-grid-cell\" ><div id=\"panel-w62d58d3db1854-0-1-0\" class=\"so-panel widget widget_media_image panel-first-child\" data-index=\"6\" ><div style=\"width: 1930px\" class=\"wp-caption alignnone\"><img width=\"1920\" height=\"1219\" src=\"https:\/\/prowestern.at\/wp-content\/uploads\/2022\/06\/20220520_2154551-e1670070627299.jpg\" class=\"image wp-image-1930  attachment-full size-full\" alt=\"\" loading=\"lazy\" style=\"max-width: 100%; height: auto;\" srcset=\"https:\/\/prowestern.at\/wp-content\/uploads\/2022\/06\/20220520_2154551-e1670070627299.jpg 1920w, https:\/\/prowestern.at\/wp-content\/uploads\/2022\/06\/20220520_2154551-e1670070627299-300x190.jpg 300w, https:\/\/prowestern.at\/wp-content\/uploads\/2022\/06\/20220520_2154551-e1670070627299-1024x650.jpg 1024w, https:\/\/prowestern.at\/wp-content\/uploads\/2022\/06\/20220520_2154551-e1670070627299-768x488.jpg 768w, https:\/\/prowestern.at\/wp-content\/uploads\/2022\/06\/20220520_2154551-e1670070627299-1536x975.jpg 1536w\" sizes=\"(max-width: 1920px) 100vw, 1920px\" \/><p class=\"wp-caption-text\">Schwarzbrennar<\/p><\/div><\/div><div id=\"panel-w62d58d3db1854-0-1-1\" class=\"so-panel widget widget_media_image\" data-index=\"7\" ><div style=\"width: 310px\" class=\"wp-caption alignnone\"><img width=\"300\" height=\"199\" src=\"https:\/\/prowestern.at\/wp-content\/uploads\/2018\/08\/Didi-Bitscshe-300x199.jpg\" class=\"image wp-image-683  attachment-medium size-medium\" alt=\"\" loading=\"lazy\" style=\"max-width: 100%; height: auto;\" srcset=\"https:\/\/prowestern.at\/wp-content\/uploads\/2018\/08\/Didi-Bitscshe-300x199.jpg 300w, https:\/\/prowestern.at\/wp-content\/uploads\/2018\/08\/Didi-Bitscshe-768x510.jpg 768w, https:\/\/prowestern.at\/wp-content\/uploads\/2018\/08\/Didi-Bitscshe-750x500.jpg 750w, https:\/\/prowestern.at\/wp-content\/uploads\/2018\/08\/Didi-Bitscshe.jpg 800w\" sizes=\"(max-width: 300px) 100vw, 300px\" \/><p class=\"wp-caption-text\">Blues mit Didi Bitsche<\/p><\/div><\/div><div id=\"panel-w62d58d3db1854-0-1-2\" class=\"so-panel widget widget_media_image\" data-index=\"8\" ><div style=\"width: 310px\" class=\"wp-caption alignnone\"><img width=\"300\" height=\"199\" src=\"https:\/\/prowestern.at\/wp-content\/uploads\/2018\/08\/Mike-Lebar-300x199.jpg\" class=\"image wp-image-696  attachment-medium size-medium\" alt=\"\" loading=\"lazy\" style=\"max-width: 100%; height: auto;\" srcset=\"https:\/\/prowestern.at\/wp-content\/uploads\/2018\/08\/Mike-Lebar-300x199.jpg 300w, https:\/\/prowestern.at\/wp-content\/uploads\/2018\/08\/Mike-Lebar-768x510.jpg 768w, https:\/\/prowestern.at\/wp-content\/uploads\/2018\/08\/Mike-Lebar-750x500.jpg 750w, https:\/\/prowestern.at\/wp-content\/uploads\/2018\/08\/Mike-Lebar.jpg 800w\" sizes=\"(max-width: 300px) 100vw, 300px\" \/><p class=\"wp-caption-text\">Timeout mit Mike Lebar<\/p><\/div><\/div><div id=\"panel-w62d58d3db1854-0-1-3\" class=\"so-panel widget widget_media_image\" data-index=\"9\" ><div style=\"width: 310px\" class=\"wp-caption alignnone\"><img width=\"300\" height=\"200\" src=\"https:\/\/prowestern.at\/wp-content\/uploads\/2018\/08\/Rhinestone-300x200.jpg\" class=\"image wp-image-701  attachment-medium size-medium\" alt=\"\" loading=\"lazy\" style=\"max-width: 100%; height: auto;\" srcset=\"https:\/\/prowestern.at\/wp-content\/uploads\/2018\/08\/Rhinestone-300x200.jpg 300w, https:\/\/prowestern.at\/wp-content\/uploads\/2018\/08\/Rhinestone.jpg 600w\" sizes=\"(max-width: 300px) 100vw, 300px\" \/><p class=\"wp-caption-text\">Rhinestone<\/p><\/div><\/div><div id=\"panel-w62d58d3db1854-0-1-4\" class=\"so-panel widget widget_media_image\" data-index=\"10\" ><div style=\"width: 310px\" class=\"wp-caption alignnone\"><img width=\"300\" height=\"201\" src=\"https:\/\/prowestern.at\/wp-content\/uploads\/2018\/08\/Bruce-08.01.2010-\u2013-177-300x201.jpg\" class=\"image wp-image-680  attachment-medium size-medium\" alt=\"\" loading=\"lazy\" style=\"max-width: 100%; height: auto;\" srcset=\"https:\/\/prowestern.at\/wp-content\/uploads\/2018\/08\/Bruce-08.01.2010-\u2013-177-300x201.jpg 300w, https:\/\/prowestern.at\/wp-content\/uploads\/2018\/08\/Bruce-08.01.2010-\u2013-177-768x514.jpg 768w, https:\/\/prowestern.at\/wp-content\/uploads\/2018\/08\/Bruce-08.01.2010-\u2013-177-1024x685.jpg 1024w, https:\/\/prowestern.at\/wp-content\/uploads\/2018\/08\/Bruce-08.01.2010-\u2013-177-750x500.jpg 750w\" sizes=\"(max-width: 300px) 100vw, 300px\" \/><p class=\"wp-caption-text\">Bruce Cradle<\/p><\/div><\/div><div id=\"panel-w62d58d3db1854-0-1-5\" class=\"so-panel widget widget_media_image panel-last-child\" data-index=\"11\" ><div style=\"width: 310px\" class=\"wp-caption alignnone\"><img width=\"300\" height=\"185\" src=\"https:\/\/prowestern.at\/wp-content\/uploads\/2018\/08\/The-Light-\u2013-085-300x185.jpg\" class=\"image wp-image-705  attachment-medium size-medium\" alt=\"\" loading=\"lazy\" style=\"max-width: 100%; height: auto;\" srcset=\"https:\/\/prowestern.at\/wp-content\/uploads\/2018\/08\/The-Light-\u2013-085-300x185.jpg 300w, https:\/\/prowestern.at\/wp-content\/uploads\/2018\/08\/The-Light-\u2013-085-768x473.jpg 768w, https:\/\/prowestern.at\/wp-content\/uploads\/2018\/08\/The-Light-\u2013-085-1024x631.jpg 1024w\" sizes=\"(max-width: 300px) 100vw, 300px\" \/><p class=\"wp-caption-text\">The Light<\/p><\/div><\/div><\/div><div id=\"pgc-w62d58d3db1854-0-2\"  class=\"panel-grid-cell\" ><div id=\"panel-w62d58d3db1854-0-2-0\" class=\"so-panel widget widget_media_image panel-first-child\" data-index=\"12\" ><div style=\"width: 310px\" class=\"wp-caption alignnone\"><img width=\"300\" height=\"199\" src=\"https:\/\/prowestern.at\/wp-content\/uploads\/2018\/08\/George-Mikel-300x199.jpg\" class=\"image wp-image-692  attachment-medium size-medium\" alt=\"\" loading=\"lazy\" style=\"max-width: 100%; height: auto;\" srcset=\"https:\/\/prowestern.at\/wp-content\/uploads\/2018\/08\/George-Mikel-300x199.jpg 300w, https:\/\/prowestern.at\/wp-content\/uploads\/2018\/08\/George-Mikel-768x510.jpg 768w, https:\/\/prowestern.at\/wp-content\/uploads\/2018\/08\/George-Mikel-750x500.jpg 750w, https:\/\/prowestern.at\/wp-content\/uploads\/2018\/08\/George-Mikel.jpg 800w\" sizes=\"(max-width: 300px) 100vw, 300px\" \/><p class=\"wp-caption-text\">George Mike<\/p><\/div><\/div><div id=\"panel-w62d58d3db1854-0-2-1\" class=\"so-panel widget widget_media_image\" data-index=\"13\" ><div style=\"width: 310px\" class=\"wp-caption alignnone\"><img width=\"300\" height=\"200\" src=\"https:\/\/prowestern.at\/wp-content\/uploads\/2018\/08\/Mooses-300x200.jpg\" class=\"image wp-image-697  attachment-medium size-medium\" alt=\"\" loading=\"lazy\" style=\"max-width: 100%; height: auto;\" srcset=\"https:\/\/prowestern.at\/wp-content\/uploads\/2018\/08\/Mooses-300x200.jpg 300w, https:\/\/prowestern.at\/wp-content\/uploads\/2018\/08\/Mooses.jpg 600w\" sizes=\"(max-width: 300px) 100vw, 300px\" \/><p class=\"wp-caption-text\">Mooses<\/p><\/div><\/div><div id=\"panel-w62d58d3db1854-0-2-2\" class=\"so-panel widget widget_media_image\" data-index=\"14\" ><div style=\"width: 310px\" class=\"wp-caption alignnone\"><img width=\"300\" height=\"199\" src=\"https:\/\/prowestern.at\/wp-content\/uploads\/2018\/08\/Salty-Slickers-300x199.jpg\" class=\"image wp-image-702  attachment-medium size-medium\" alt=\"\" loading=\"lazy\" style=\"max-width: 100%; height: auto;\" srcset=\"https:\/\/prowestern.at\/wp-content\/uploads\/2018\/08\/Salty-Slickers-300x199.jpg 300w, https:\/\/prowestern.at\/wp-content\/uploads\/2018\/08\/Salty-Slickers-768x510.jpg 768w, https:\/\/prowestern.at\/wp-content\/uploads\/2018\/08\/Salty-Slickers-750x500.jpg 750w, https:\/\/prowestern.at\/wp-content\/uploads\/2018\/08\/Salty-Slickers.jpg 800w\" sizes=\"(max-width: 300px) 100vw, 300px\" \/><p class=\"wp-caption-text\">Salty Slickers<\/p><\/div><\/div><div id=\"panel-w62d58d3db1854-0-2-3\" class=\"so-panel widget widget_media_image\" data-index=\"15\" ><div style=\"width: 310px\" class=\"wp-caption alignnone\"><img width=\"300\" height=\"199\" src=\"https:\/\/prowestern.at\/wp-content\/uploads\/2018\/08\/DSC_4042-300x199.jpg\" class=\"image wp-image-686  attachment-medium size-medium\" alt=\"\" loading=\"lazy\" style=\"max-width: 100%; height: auto;\" srcset=\"https:\/\/prowestern.at\/wp-content\/uploads\/2018\/08\/DSC_4042-300x199.jpg 300w, https:\/\/prowestern.at\/wp-content\/uploads\/2018\/08\/DSC_4042-768x510.jpg 768w, https:\/\/prowestern.at\/wp-content\/uploads\/2018\/08\/DSC_4042-1024x680.jpg 1024w, https:\/\/prowestern.at\/wp-content\/uploads\/2018\/08\/DSC_4042-750x500.jpg 750w, https:\/\/prowestern.at\/wp-content\/uploads\/2018\/08\/DSC_4042.jpg 2048w\" sizes=\"(max-width: 300px) 100vw, 300px\" \/><p class=\"wp-caption-text\">Wolfgang Frank<\/p><\/div><\/div><div id=\"panel-w62d58d3db1854-0-2-4\" class=\"so-panel widget widget_media_image panel-last-child\" data-index=\"16\" ><div style=\"width: 310px\" class=\"wp-caption alignnone\"><img width=\"300\" height=\"199\" src=\"https:\/\/prowestern.at\/wp-content\/uploads\/2018\/08\/DSC2489-300x199.jpg\" class=\"image wp-image-649  attachment-medium size-medium\" alt=\"\" loading=\"lazy\" style=\"max-width: 100%; height: auto;\" srcset=\"https:\/\/prowestern.at\/wp-content\/uploads\/2018\/08\/DSC2489-300x199.jpg 300w, https:\/\/prowestern.at\/wp-content\/uploads\/2018\/08\/DSC2489-768x510.jpg 768w, https:\/\/prowestern.at\/wp-content\/uploads\/2018\/08\/DSC2489-1024x680.jpg 1024w, https:\/\/prowestern.at\/wp-content\/uploads\/2018\/08\/DSC2489-750x500.jpg 750w\" sizes=\"(max-width: 300px) 100vw, 300px\" \/><p class=\"wp-caption-text\">Reinhard Franz und Palleg\u00fc's<\/p><\/div><\/div><\/div><\/div><\/div><\/div><\/div><\/div><div id=\"pgc-586-5-2\"  class=\"panel-grid-cell panel-grid-cell-empty\" ><\/div><\/div><\/div>","protected":false},"excerpt":{"rendered":"<p>Musik und Westernflair k\u00f6nnen gut miteinander, deshalb veranstalten wir im Laufe des Jahres zahlreiche Konzerte und Musikveranstaltungen mit regionalen Musikern. Musik und Westernflair k\u00f6nnen gut miteinander, deshalb veranstalten wir im Laufe des Jahres zahlreiche Musikveranstaltungen, wie Gitarre Workshops, Spontankonzerte im Saloon die an einem Mittwoch oder Freitag stattfinden k\u00f6nnen, (von April bis September) Live Gig\u00b4s <a href=\"https:\/\/prowestern.at\/index.php\/musiker-2\/\" rel=\"nofollow\"><span class=\"sr-only\">Read more about Musiker<\/span>[&hellip;]<\/a><\/p>\n","protected":false},"author":1,"featured_media":835,"parent":0,"menu_order":0,"comment_status":"closed","ping_status":"closed","template":"template-fullwidth-no-title.php","meta":[],"_links":{"self":[{"href":"https:\/\/prowestern.at\/index.php\/wp-json\/wp\/v2\/pages\/586"}],"collection":[{"href":"https:\/\/prowestern.at\/index.php\/wp-json\/wp\/v2\/pages"}],"about":[{"href":"https:\/\/prowestern.at\/index.php\/wp-json\/wp\/v2\/types\/page"}],"author":[{"embeddable":true,"href":"https:\/\/prowestern.at\/index.php\/wp-json\/wp\/v2\/users\/1"}],"replies":[{"embeddable":true,"href":"https:\/\/prowestern.at\/index.php\/wp-json\/wp\/v2\/comments?post=586"}],"version-history":[{"count":106,"href":"https:\/\/prowestern.at\/index.php\/wp-json\/wp\/v2\/pages\/586\/revisions"}],"predecessor-version":[{"id":2675,"href":"https:\/\/prowestern.at\/index.php\/wp-json\/wp\/v2\/pages\/586\/revisions\/2675"}],"wp:featuredmedia":[{"embeddable":true,"href":"https:\/\/prowestern.at\/index.php\/wp-json\/wp\/v2\/media\/835"}],"wp:attachment":[{"href":"https:\/\/prowestern.at\/index.php\/wp-json\/wp\/v2\/media?parent=586"}],"curies":[{"name":"wp","href":"https:\/\/api.w.org\/{rel}","templated":true}]}}